{"id":6725,"date":"2025-10-22T08:17:54","date_gmt":"2025-10-22T06:17:54","guid":{"rendered":"https:\/\/lookhat.fr\/?post_type=product&#038;p=6725"},"modified":"2026-03-27T16:25:53","modified_gmt":"2026-03-27T15:25:53","slug":"casquette-plate-cuir-6-pans","status":"publish","type":"product","link":"https:\/\/lookhat.fr\/?product=casquette-plate-cuir-6-pans","title":{"rendered":"casquette plate  6 pans cuir"},"content":{"rendered":"<p>couleur: marine<\/p>\n<p>mati\u00e8re: 100% cuir v\u00e9ritable<\/p>\n<p>doublure matelass\u00e9e<\/p>\n<p>taille: 56\/57\/58\/59\/60<\/p>\n","protected":false},"excerpt":{"rendered":"<p>couleur: marine mati\u00e8re: 100% cuir v\u00e9ritable doublure matelass\u00e9e taille: 56\/57\/58\/59\/60<\/p>\n","protected":false},"featured_media":7343,"comment_status":"open","ping_status":"closed","template":"","meta":[],"product_brand":[],"product_cat":[29,33],"product_tag":[],"class_list":{"0":"post-6725","1":"product","2":"type-product","3":"status-publish","4":"has-post-thumbnail","6":"product_cat-casquettes-plates","7":"product_cat-impermeables","9":"first","10":"instock","11":"sale","12":"shipping-taxable","13":"purchasable","14":"product-type-variable"},"_links":{"self":[{"href":"https:\/\/lookhat.fr\/index.php?rest_route=\/wp\/v2\/product\/6725","targetHints":{"allow":["GET"]}}],"collection":[{"href":"https:\/\/lookhat.fr\/index.php?rest_route=\/wp\/v2\/product"}],"about":[{"href":"https:\/\/lookhat.fr\/index.php?rest_route=\/wp\/v2\/types\/product"}],"replies":[{"embeddable":true,"href":"https:\/\/lookhat.fr\/index.php?rest_route=%2Fwp%2Fv2%2Fcomments&post=6725"}],"wp:featuredmedia":[{"embeddable":true,"href":"https:\/\/lookhat.fr\/index.php?rest_route=\/wp\/v2\/media\/7343"}],"wp:attachment":[{"href":"https:\/\/lookhat.fr\/index.php?rest_route=%2Fwp%2Fv2%2Fmedia&parent=6725"}],"wp:term":[{"taxonomy":"product_brand","embeddable":true,"href":"https:\/\/lookhat.fr\/index.php?rest_route=%2Fwp%2Fv2%2Fproduct_brand&post=6725"},{"taxonomy":"product_cat","embeddable":true,"href":"https:\/\/lookhat.fr\/index.php?rest_route=%2Fwp%2Fv2%2Fproduct_cat&post=6725"},{"taxonomy":"product_tag","embeddable":true,"href":"https:\/\/lookhat.fr\/index.php?rest_route=%2Fwp%2Fv2%2Fproduct_tag&post=6725"}],"curies":[{"name":"wp","href":"https:\/\/api.w.org\/{rel}","templated":true}]}}